 -o - y. List the prime factors of o.
3
Let z(v) = -v**2 + 8*v - 8. Let t be z(7). Let s be ((-6)/(-3) - 2)/t. Suppose a = -s*a + 7. What are the prime factors of a?
7
Let b be 0*(-2 - 21/(-9)). Let n(z) = b*z**2 + 3 + 4*z + z + z**2. List the prime factors of n(-5).
3
Let z = -4 + 6. Suppose 0*t = 2*t + 3*w - 22, z*w + 55 = 5*t. List the prime factors of t.
11
Let o(l) = 0*l**3 + 0*l - l**3 + 4*l + 4*l**2 + 7. Let m be o(5). Suppose m = -5*t + 42. What are the prime factors of t?
2
Let t be 4/2 + 48/2. Let o(i) = i. Let d be o(4). Suppose 90 = d*v + t. What are the prime factors of v?
2
Let n(a) be the third derivative of -a**6/120 - a**3/6 - a**2. Let o be 3/(3 - 6) - 1. What are the prime factors of n(o)?
7
What are the prime factors of (-87)/6*-2 - -3?
2
Suppose -8 = -2*q - 2. What are the prime factors of (q - 1) + (24 - 5)?
3, 7
Let u(c) = c**3 + 10*c**2 - 27*c - 36. What are the prime factors of u(-11)?
2, 5, 7
Suppose 4*n + 2 - 14 = 0. Suppose -i + n*i - 50 = 0. List the prime factors of i.
5
Let g = -5 + 6. Suppose 3*q = -3*n + 27, -q = g - 4. List the prime factors of n.
2, 3
Let k = -7 - 2. Let i be (24/k + 2)*3. What are the prime factors of 5/((-2 - i) + 1)?
5
Suppose -10 = 3*w + 5. Let p be 20/6*6/w. List the prime factors of ((-18)/(-5))/(p/(-20)).
2, 3
Suppose -7*n + 14*n - 252 = 0. What are the prime factors of n?
2, 3
Let i(z) be the third derivative of -z**6/120 + 3*z**5/20 + z**4/8 - z**3 - z**2. What are the prime factors of i(9)?
3, 7
Let f(j) = j**2 + 8*j + 9. Let v be f(-7). Suppose -3*c = k + 3*k - 67, 93 = 5*c + v*k. List the prime factors of c.
17
Suppose 0 = 3*s - 5*r + r - 259, 5*r - 490 = -5*s. Let a = s + -55. List the prime factors of a.
2, 19
Let i(j) = -j**3 + 7*j**2 - 4*j. List the prime factors of i(4).
2
Let g = -12 - -10. Let p(l) = -3*l**2 - 4*l + 1. Let v(n) = 6*n**2 + 9*n - 2. Let i(z) = -9*p(z) - 4*v(z). What are the prime factors of i(g)?
11
Let s(y) = -3*y - 2. Let b be -1*(31 - -2)/3. Let c = 6 + b. What are the prime factors of s(c)?
13
Let l be (-8)/(-10) - (-436)/(-20). Let w be (3 + -4)/((-1)/(-12)). Let h = w - l. What are the prime factors of h?
3
Let v(u) = -11*u**3 - 5*u**2 - 9. Let c(z) = 6*z**3 + 2*z**2 + 4. Let w(y) = -7*c(y) - 3*v(y). What are the prime factors of w(-1)?
3
Let b = 131 - 51. Suppose 5*i = -5*z + 120, 4*z - 2*i - 2*i - b = 0. Let d = z + -16. What are the prime factors of d?
2, 3
Suppose -h = 1 + 1. Let n be h/(-1) - 1 - -44. Suppose -2*i - n = -7*i. List the prime factors of i.
3
List the prime factors of (33/6)/((-2)/(-76)).
11, 19
Suppose 12 = 3*g + 2*c, 0 = -5*g - 5*c + 15. List the prime factors of g.
2, 3
Let g = 135 + -11. List the prime factors of g.
2, 31
Let r(o) = o. Let d be r(3). Suppose -m - 2*q + 26 = 0, -3*q + 14 + 61 = d*m. Let w = 35 - m. List the prime factors of w.
11
Suppose -4*n + 26 = -5*d - 466, 0 = n + 2*d - 136. What are the prime factors of n?
2
Suppose -z + 0*z + 22 = 0. List the prime factors of z.
2, 11
Let q(g) = -8*g - 1. List the prime factors of q(-3).
23
Let p(q) = -q + 7. Suppose -4*w + 28 = -4*u, 0 = 3*w - 2*w - 3*u - 11. What are the prime factors of p(w)?
2
Let c(h) = 2*h - 14. Let o be c(6). What are the prime factors of (4*-4)/(o - -1)?
2
Suppose 0*y + y - 83 = 0. What are the prime factors of y?
83
Let c(z) be the first derivative of 2*z**3/3 + 5*z**2/2 + 4*z + 1. List the prime factors of c(-3).
7
Suppose -3*t + 0*t + 15 = 0. Suppose 2*d = -2*m - m + 8, -4*d = t*m - 16. Suppose m = -4*g + 2*g + 28. List the prime factors of g.
2, 7
Suppose -3*k + 12 - 6 = 0. What are the prime factors of k/6 - 505/(-15)?
2, 17
Let o(i) be the third derivative of -7*i**4/3 - i**3/6 + 4*i**2. Let s be o(-1). Suppose -4*a - z = -85, -3*a = 4*z - 5*z - s. What are the prime factors of a?
2, 5
Suppose -1 = -y + 5*w + 23, -4*y + 8 = 2*w. Let g be -2 + (1 + y)*3. Suppose g = 2*u - 9. What are the prime factors of u?
11
Let r(u) = u**3 + u**2 + 15. Let v = 6 + -6. List the prime factors of r(v).
3, 5
Let t = -374 + 703. What are the prime factors of t?
7, 47
Let g(r) = 1. Let h(t) = -t - 5. Let f(x) = -4*g(x) - h(x). Let q be f(1). Suppose 0*j + 10 = q*j. What are the prime factors of j?
5
Let i = 30 - 13. Let n(w) = -14*w**2 + 24*w - 21. Let u(h) = -5*h**2 + 8*h - 7. Let f(d) = i*u(d) - 6*n(d). What are the prime factors of f(-8)?
7
Suppose 3*v = 6*v + 2*h - 290, -5*v = 4*h - 482. What are the prime factors of v?
2, 7
Let m(u) = -2*u**3 - u**2 + u + 1. Let i be m(-1). Let n(f) = 6*f**2 + 1. What are the prime factors of n(i)?
7
Suppose -4*b - b + 4*g - 13 = 0, 0 = 5*b - 5*g + 15. Let f(j) = j + 1. Let l be f(b). Suppose 3*w - 46 + 10 = l. List the prime factors of w.
2, 3
Let s = -11 - -3. Let f(l) = -3*l - 7. What are the prime factors of f(s)?
17
Let a(l) = 2*l**2 - l. Let i be a(-1). Suppose 28 = i*j + j. List the prime factors of j.
7
Suppose -a + 4*a = -q - 2, 4*q = a + 31. Suppose 5*n + 2*r - 15 = 0, q*n - 15 = 3*n - r. List the prime factors of n.
5
Let t(g) = -3*g + 1. Let k = 10 - 4. Suppose -2*f - 8 = 4*v + k, 0 = -v - f - 6. What are the prime factors of t(v)?
2
Let a(c) = c**2 - 14*c + 7. Suppose n - p = 10, -3*n - 13 + 33 = -5*p. List the prime factors of a(n).
2, 11
Let m = 17 - 39. Let k = m - -35. What are the prime factors of k?
13
Suppose 0 = -2*q - 4*d - 2, 26 + 21 = 5*q - 3*d. Suppose 3*s + 2*m = q - 3, 3 = 2*s + m. Suppose 22 = 4*i + 2*t, 2 + 0 = s*t. List the prime factors of i.
5
Suppose 3*f - f = 3*a + 84, 0 = -f + 5*a + 49. What are the prime factors of f?
3, 13
Suppose -8*h - 7*h + 2325 = 0. List the prime factors of h.
5, 31
Suppose -2*p = -2*x - 2*x + 438, -4*x + p + 435 = 0. List the prime factors of x.
2, 3
Let j(k) = -2*k + 3. Let c be j(6). Let l be c/(-2) + 2/4. Suppose 5*p - l = 0, 2*m + 4*p = p + 9. List the prime factors of m.
3
Suppose i + 5*o + 58 = -i, i - o + 22 = 0. Let z = -15 - i. What are the prime factors of z?
3
Let q = -8 + 3. What are the prime factors of 3 - (-12 - (q - -3))?
13
Let n be (-5)/15 + (-37)/(-3). Suppose o = n + 5. What are the prime factors of o?
17
Let k(x) = 4*x - 12. Let f be k(8). Suppose 4*i - 6 = u + u, -4*i = -f. List the prime factors of u.
7
Suppose 0*v + v = 3. Suppose v*t - 2*j = 10, 0 = -4*t - 2*j + 4 - 0. Suppose -t*n + n + 6 = 0. List the prime factors of n.
2, 3
Let z(x) = 9*x**2 + x. Let w be ((-6)/(-7))/((-1)/(-7)). Suppose -3*v + g + 7 = 0, 2*v + 5*g + w = -12. List the prime factors of z(v).
2, 5
Let b = -25 - -60. List the prime factors of b.
5, 7
Let x(g) = -g**2 - 10*g + 13. Let q be x(-11). Suppose -30 = -2*l - 0*m + q*m, 0 = -2*l - 2*m + 10. What are the prime factors of l?
2, 5
Let z(j) = 4*j**2 - 3*j - 3. What are the prime factors of z(3)?
2, 3
What are the prime factors of ((-8)/(40/(-3)))/((-2)/(-20))?
2, 3
Suppose -b - 8 + 36 = 0. Let l(n) = -5*n - 3. Let f be l(-4). Let o = b - f. What are the prime factors of o?
11
Suppose 5*r - 3 = 7. Let n(j) = 2*j**2 - 4. Let g be n(3). Suppose -r*b + 8 = -g. List the prime factors of b.
11
Let o(m) = m**2 + 3*m - 4. List the prime factors of o(4).
2, 3
Suppose 0*g - 3*g = -33. Suppose m + 1 = -0*m. Let s = m + g. List the prime factors of s.
2, 5
Let o = 11 - -7. List the prime factors of o + (-3 - 3)/(-3).
2, 5
Let c(m) = -2*m + 7. What are the prime factors of c(-11)?
29
Suppose 12 = -4*l, 2*v + 2*l - 47 = -3*l. Suppose 6*d - 7*d = -22. Let x = v - d. List the prime factors of x.
3
Let v(a) = -33*a. Let k be v(-4). Suppose k = r + 2*r. What are the prime factors of r?
2, 11
Suppose 3*q - 2*q - 3 = 0. Suppose -q = 2*a - 5*a. List the prime factors of (1/(-2))/(a/(-6)).
3
Let h = 177 - 44. What are the prime factors of h?
7, 19
Let d be (-6)/(-4) - 1/(-2). Suppose 5*o = -4*a - d, -a - 7 + 4 = 0. List the prime factors of o.
2
Let y = -75 + 125. What are the prime factors of y?
2, 5
Let r(t) be the first derivative of 19*t**3/3 + t**2 - t + 5. Let d(s) = -s + 8. Let n be d(7). List the prime factors of r(n).
2, 5
Let i(l) be the second derivative of 9*l**3/2 + l**2/2 - 5*l. List the prime factors of i(1).
2, 7
Let r be (42/9 - 3)*-3. Let y = -15 + 25. Let c = r + y. List the prime factors of c.
5
Let t(g) = -109*g**3 - g - 2. What are the prime factors of t(-1)?
2, 3
Let p(n) = -10*n - 26. List the prime factors of p(-1